en 7687 is divided by 31?
30
Calculate the remainder when 158 is divided by 16.
14
Calculate the remainder when 661 is divided by 208.
37
What is the remainder when 379 is divided by 226?
153
What is the remainder when 111 is divided by 6?
3
Calculate the remainder when 89 is divided by 34.
21
Calculate the remainder when 48 is divided by 9.
3
Calculate the remainder when 667 is divided by 42.
37
Calculate the remainder when 139 is divided by 70.
69
Calculate the remainder when 1310 is divided by 41.
39
What is the remainder when 4414 is divided by 192?
190
What is the remainder when 662 is divided by 10?
2
What is the remainder when 97 is divided by 20?
17
What is the remainder when 467 is divided by 4?
3
What is the remainder when 849 is divided by 71?
68
Calculate the remainder when 1667 is divided by 139.
138
Calculate the remainder when 407 is divided by 35.
22
Calculate the remainder when 2308 is divided by 42.
40
Calculate the remainder when 142 is divided by 50.
42
What is the remainder when 125 is divided by 13?
8
Calculate the remainder when 279 is divided by 77.
48
What is the remainder when 2734 is divided by 57?
55
Calculate the remainder when 1879 is divided by 5.
4
Calculate the remainder when 1221 is divided by 13.
12
What is the remainder when 1198 is divided by 20?
18
Calculate the remainder when 51 is divided by 15.
6
Calculate the remainder when 711 is divided by 699.
12
Calculate the remainder when 417 is divided by 42.
39
Calculate the remainder when 148 is divided by 30.
28
What is the remainder when 522 is divided by 148?
78
What is the remainder when 205 is divided by 70?
65
What is the remainder when 295 is divided by 25?
20
Calculate the remainder when 36 is divided by 25.
11
What is the remainder when 133 is divided by 19?
0
Calculate the remainder when 212 is divided by 44.
36
Calculate the remainder when 327 is divided by 7.
5
What is the remainder when 168 is divided by 74?
20
What is the remainder when 247 is divided by 29?
15
What is the remainder when 139 is divided by 135?
4
Calculate the remainder when 8316 is divided by 23.
13
What is the remainder when 231 is divided by 27?
15
Calculate the remainder when 5912 is divided by 102.
98
What is the remainder when 2549 is divided by 149?
16
Calculate the remainder when 89299 is divided by 94.
93
Calculate the remainder when 32 is divided by 7.
4
What is the remainder when 456 is divided by 90?
6
What is the remainder when 7 is divided by 4?
3
What is the remainder when 89 is divided by 26?
11
Calculate the remainder when 198 is divided by 40.
38
What is the remainder when 15 is divided by 4?
3
Calculate the remainder when 126 is divided by 72.
54
What is the remainder when 1239 is divided by 18?
15
Calculate the remainder when 261 is divided by 38.
33
What is the remainder when 13776 is divided by 9?
6
Calculate the remainder when 439 is divided by 9.
7
Calculate the remainder when 199 is divided by 46.
15
What is the remainder when 287 is divided by 12?
11
Calculate the remainder when 339 is divided by 73.
47
Calculate the remainder when 230 is divided by 49.
34
Calculate the remainder when 1077 is divided by 108.
105
Calculate the remainder when 92 is divided by 38.
16
Calculate the remainder when 191 is divided by 55.
26
Calculate the remainder when 1816 is divided by 52.
48
What is the remainder when 59 is divided by 44?
15
What is the remainder when 128 is divided by 58?
12
Calculate the remainder when 195 is divided by 41.
31
What is the remainder when 168 is divided by 34?
32
What is the remainder when 33 is divided by 9?
6
Calculate the remainder when 31 is divided by 17.
14
What is the remainder when 33534 is divided by 21?
18
What is the remainder when 93 is divided by 55?
38
Calculate the remainder when 1736 is divided by 12.
8
What is the remainder when 1227 is divided by 29?
9
Calculate the remainder when 1970 is divided by 220.
210
Calculate the remainder when 209 is divided by 109.
100
Calculate the remainder when 35 is divided by 2.
1
What is the remainder when 1322 is divided by 1286?
36
What is the remainder when 5920 is divided by 15?
10
What is the remainder when 38 is divided by 10?
8
Calculate the remainder when 328 is divided by 118.
92
Calculate the remainder when 859 is divided by 27.
22
What is the remainder when 458 is divided by 51?
50
What is the remainder when 4306 is divided by 431?
427
What is the remainder when 732 is divided by 35?
32
What is the remainder when 8366 is divided by 186?
182
Calculate the remainder when 181 is divided by 23.
20
Calculate the remainder when 390 is divided by 101.
87
What is the remainder when 358 is divided by 24?
22
What is the remainder when 57 is divided by 33?
24
What is the remainder when 152 is divided by 23?
14
What is the remainder when 4029 is divided by 26?
25
What is the remainder when 2231 is divided by 13?
8
What is the remainder when 407 is divided by 193?
21
Calculate the remainder when 262 is divided by 84.
10
Calculate the remainder when 213 is divided by 43.
41
What is the remainder when 1976 is divided by 971?
34
Calculate the remainder when 64 is divided by 12.
4
Calculate the remainder when 3851 is divided by 107.
106
What is the remainder when 2325 is divided by 663?
336
What is the remainder when 43 is divided by 11?
10
Calculate the remainder when 22 is divided by 6.
4
Calculate the remainder when 995 is divided by 12.
11
Calculate the remainder when 554 is divided by 47.
37
Calculate the remainder when 149 is divided by 100.
49
What is the remainder when 216 is divided by 7?
6
What is the remainder when 6864 is divided by 176?
0
What is the remainder when 518 is divided by 251?
16
What is the remainder when 542 is divided by 42?
38
What is the remainder when 272 is divided by 77?
41
What is the remainder when 1173 is divided by 84?
81
Calculate the remainder when 523 is divided by 454.
69
What is the remainder when 97 is divided by 54?
43
Calculate the remainder when 265 is divided by 69.
58
What is the remainder when 162 is divided by 30?
12
Calculate the remainder when 1295 is divided by 634.
27
Calculate the remainder when 73 is divided by 21.
10
What is the remainder when 266 is divided by 238?
28
Calculate the remainder when 579 is divided by 116.
115
What is the remainder when 815 is divided by 17?
16
What is the remainder when 1070 is divided by 98?
90
Calculate the remainder when 12323 is divided by 145.
143
What is the remainder when 5389 is divided by 10?
9
Calculate the remainder when 424 is divided by 11.
6
Calculate the remainder when 322 is divided by 66.
58
Calculate the remainder when 963 is divided by 23.
20
Calculate the remainder when 284 is divided by 53.
19
What is the remainder when 1244 is divided by 413?
5
Calculate the remainder when 1085 is divided by 68.
65
Calculate the remainder when 881 is divided by 37.
30
Calculate the remainder when 267 is divided by 4.
3
What is the remainder when 5159 is divided by 103?
9
What is the remainder when 334 is divided by 11?
4
What is the remainder when 311 is divided by 222?
89
What is the remainder when 76 is divided by 20?
16
What is the remainder when 140 is divided by 12?
8
What is the remainder when 1018 is divided by 248?
26
What is the remainder when 326 is divided by 14?
4
What is the remainder when 221 is divided by 14?
11
What is the remainder when 334 is divided by 198?
136
Calculate the remainder when 758 is divided by 9.
2
Calculate the remainder when 852 is divided by 105.
12
Calculate the remainder when 2518 is divided by 25.
18
Calculate the remainder when 2141 is divided by 65.
61
Calculate the remainder when 34787 is divided by 19.
17
What is the remainder when 1578 is divided by 386?
34
Calculate the remainder when 950 is divided by 237.
2
What is the remainder when 5670 is divided by 227?
222
What is the remainder when 172 is divided by 29?
27
What is the remainder when 107 is divided by 53?
1
Calculate the remainder when 184 is divided by 128.
56
Calculate the remainder when 1177 is divided by 390.
7
What is the remainder when 829 is divided by 16?
13
What is the remainder when 35 is divided by 14?
7
Calculate the remainder when 576 is divided by 4.
0
What is the remainder when 215 is 